te the highest common divisor of 156 and 4251.
39
What is the highest common factor of 99 and 33?
33
What is the greatest common factor of 96 and 17016?
24
What is the highest common divisor of 17 and 4?
1
What is the greatest common factor of 11098 and 62?
62
What is the greatest common factor of 2147 and 113?
113
Calculate the highest common factor of 72 and 180.
36
What is the greatest common factor of 64 and 5640?
8
Calculate the highest common factor of 1027 and 13.
13
What is the highest common divisor of 83 and 14857?
83
Calculate the highest common divisor of 273 and 4017.
39
What is the greatest common factor of 13 and 923?
13
Calculate the highest common factor of 105 and 28.
7
What is the greatest common divisor of 4087 and 61?
61
What is the highest common divisor of 32 and 352?
32
What is the greatest common factor of 767 and 416?
13
What is the highest common factor of 980 and 180?
20
What is the highest common divisor of 1044 and 180?
36
What is the highest common factor of 108 and 132?
12
Calculate the greatest common divisor of 130 and 10.
10
Calculate the greatest common divisor of 256 and 704.
64
Calculate the greatest common factor of 11 and 649.
11
What is the highest common factor of 855 and 351?
9
What is the greatest common divisor of 40 and 200?
40
Calculate the highest common divisor of 425 and 119.
17
Calculate the greatest common divisor of 258 and 645.
129
What is the greatest common factor of 34923 and 21?
21
Calculate the greatest common factor of 5268 and 72.
12
What is the greatest common factor of 36 and 14166?
18
Calculate the greatest common divisor of 8 and 1028.
4
Calculate the greatest common divisor of 297 and 143.
11
What is the greatest common divisor of 16 and 3440?
16
Calculate the highest common factor of 287 and 889.
7
Calculate the greatest common factor of 748 and 1628.
44
What is the highest common divisor of 12 and 9?
3
What is the greatest common divisor of 759 and 165?
33
What is the highest common divisor of 3618 and 335?
67
Calculate the greatest common factor of 32 and 912.
16
What is the greatest common factor of 65 and 39?
13
What is the greatest common factor of 630 and 70?
70
Calculate the highest common divisor of 115 and 8.
1
What is the greatest common factor of 8 and 320?
8
Calculate the highest common factor of 531 and 59.
59
What is the greatest common divisor of 48 and 1424?
16
What is the highest common divisor of 124 and 4?
4
Calculate the greatest common divisor of 15 and 45.
15
Calculate the highest common factor of 196 and 7588.
28
What is the greatest common divisor of 8 and 248?
8
Calculate the highest common divisor of 896 and 42.
14
What is the highest common divisor of 220 and 990?
110
What is the greatest common factor of 32 and 164?
4
Calculate the highest common factor of 1528 and 72.
8
Calculate the highest common divisor of 75 and 850.
25
What is the highest common factor of 3 and 48?
3
What is the greatest common factor of 462 and 246?
6
Calculate the greatest common factor of 57 and 76.
19
What is the greatest common divisor of 55 and 121?
11
Calculate the greatest common factor of 59 and 295.
59
Calculate the highest common factor of 30 and 534.
6
What is the highest common factor of 9 and 201?
3
What is the highest common divisor of 103 and 16686?
103
Calculate the highest common factor of 5040 and 660.
60
What is the highest common factor of 340 and 10710?
170
Calculate the highest common divisor of 152 and 38.
38
Calculate the greatest common factor of 1751 and 901.
17
Calculate the greatest common factor of 148 and 1443.
37
Calculate the highest common factor of 217 and 308.
7
What is the highest common divisor of 23 and 207?
23
What is the highest common factor of 330 and 275?
55
Calculate the greatest common factor of 1786 and 722.
38
Calculate the highest common factor of 742 and 159.
53
Calculate the greatest common divisor of 19 and 4.
1
Calculate the highest common factor of 416 and 1352.
104
Calculate the highest common divisor of 78 and 26.
26
Calculate the greatest common divisor of 21045 and 69.
69
Calculate the highest common divisor of 4410 and 10.
10
Calculate the highest common factor of 9047 and 166.
83
Calculate the greatest common divisor of 27 and 2619.
27
What is the greatest common divisor of 536 and 22244?
268
What is the highest common factor of 1558 and 1271?
41
What is the highest common divisor of 12352 and 8?
8
What is the highest common factor of 6 and 69?
3
Calculate the highest common factor of 174 and 7047.
87
Calculate the greatest common divisor of 10768 and 16.
16
Calculate the greatest common divisor of 72 and 264.
24
What is the greatest common factor of 432 and 96?
48
What is the greatest common factor of 630 and 6210?
90
Calculate the greatest common divisor of 152 and 4484.
76
What is the greatest common divisor of 45 and 315?
45
What is the greatest common divisor of 20432 and 16?
16
Calculate the greatest common divisor of 2835 and 270.
135
What is the greatest common factor of 782 and 748?
34
Calculate the greatest common divisor of 570 and 20.
10
Calculate the greatest common factor of 7390 and 30.
10
Calculate the greatest common divisor of 20 and 70.
10
What is the highest common factor of 4700 and 400?
100
Calculate the greatest common factor of 20 and 420.
20
Calculate the greatest common factor of 12 and 20.
4
What is the greatest common factor of 2652 and 357?
51
Calculate the greatest common divisor of 1 and 5455.
1
What is the greatest common divisor of 10 and 670?
10
What is the greatest common divisor of 22 and 3432?
22
What is the greatest common divisor of 1958 and 1034?
22
Calculate the greatest common divisor of 18724 and 1510.
302
Calculate the highest common divisor of 220 and 15290.
110
Calculate the greatest common factor of 42 and 48.
6
What is the greatest common factor of 47 and 2538?
47
Calculate the highest common divisor of 26 and 6.
2
Calculate the highest common factor of 1755 and 39.
39
Calculate the greatest common factor of 8 and 38.
2
What is the highest common factor of 72 and 328?
8
Calculate the greatest common factor of 13425 and 75.
75
What is the highest common factor of 730 and 10?
10
Calculate the greatest common divisor of 299 and 26.
13
Calculate the greatest common factor of 134 and 670.
134
Calculate the highest common divisor of 36 and 1674.
18
Calculate the greatest common divisor of 910 and 9945.
65
Calculate the highest common divisor of 9492 and 168.
84
Calculate the highest common factor of 6016 and 94.
94
What is the highest common divisor of 27 and 2187?
27
Calculate the greatest common divisor of 54 and 1404.
54
Calculate the greatest common divisor of 2862 and 3392.
106
What is the greatest common factor of 747 and 486?
9
Calculate the highest common factor of 185 and 148.
37
Calculate the greatest common factor of 11247 and 69.
69
What is the greatest common factor of 12 and 1884?
12
What is the highest common divisor of 42438 and 66?
66
What is the highest common divisor of 752 and 32?
16
What is the highest common factor of 25967 and 23?
23
What is the greatest common factor of 1875 and 60?
15
What is the greatest common divisor of 98 and 889?
7
Calculate the greatest common divisor of 45 and 10.
5
What is the highest common divisor of 115 and 5?
5
Calculate the highest common factor of 987 and 1269.
141
Calculate the greatest common factor of 128 and 4.
4
What is the highest common divisor of 22 and 418?
22
What is the greatest common divisor of 276 and 17319?
69
Calculate the highest common factor of 105 and 2667.
21
Calculate the greatest common divisor of 112 and 63.
7
What is the greatest common factor of 1420 and 70?
10
What is the greatest common factor of 9960 and 120?
120
Calculate the highest common divisor of 154 and 5642.
14
Calculate the highest common factor of 32 and 1328.
16
What is the highest common factor of 16000 and 125?
125
What is the highest common factor of 80 and 320?
80
What is the highest common factor of 270 and 10?
10
Calculate the highest common factor of 72 and 176.
8
Calculate the greatest common factor of 3 and 20667.
3
Calculate the greatest common divisor of 239 and 30353.
239
What is the greatest common divisor of 3151 a